766 - 1677 = 3*k - 5*s, -3*k - 2441 = -4*s. Let w = -806 - k. Let p(l) = l**3 - 5*l**2 + 7*l - 2. Determine p(w).
33
Let a(n) = 4*n + 3. Let d be a(0). Let i(h) = 10 - 3*h**2 + 8 - 2*h + 3 - 3*h**d - 23. What is i(-2)?
14
Suppose -26 = -6*i + a, 0*a = -2*i - a + 14. Let u(f) = -f**2 + 4*f - 5. Calculate u(i).
-10
Let w(v) = -14*v**2 - 3*v + 16. Let x(a) = -6 - 5*a**2 + 12 - 1616*a + 1615*a. Let u(z) = 3*w(z) - 8*x(z). Calculate u(-2).
-6
Let v(g) be the third derivative of -g**6/120 + g**5/60 + 5*g**4/24 + 5*g**3/6 + 334*g**2. Give v(0).
5
Let s = -3748 + 3753. Let q(f) = f**3 - 7*f**2 + 11*f + 4. Determine q(s).
9
Let t(b) = -105*b + 8. Let y(f) = -22*f - 2. Let s(x) = 2*t(x) - 10*y(x). Determine s(-2).
16
Let g(n) = 9*n + n**3 + 31*n**2 - 36*n**2 + 6 + 10*n**2. Calculate g(-3).
-3
Let j(h) = -h**3 - 3*h**2 - h. Let y = 8 - 11. Let b be 18/(-27) + 4/y. Let a be j(b). Let c(f) = -f**2 - f - 1. What is c(a)?
-3
Let o = -693 - -695. Let m(b) = -22*b - 13*b**2 + 928 + b**3 - 929 - o*b**3. What is m(-11)?
-1
Let i(s) = s**3 + 1899*s**2 - 1876*s**2 + 0*s - 6 + 9 + 17 + 2*s. Determine i(-23).
-26
Let o(j) = j**3 - 3*j - 1. Suppose -10*f + 40 = -0. Let p be f/(-6) - 2*5/(-15). Let y be 1/((-2)/(-6)) + (p - 5). Give o(y).
-3
Let g(d) be the second derivative of d**5/20 + d**4/12 - 5*d**3/3 + 3*d**2 + 655*d. What is g(-4)?
-2
Let y(a) = 145*a - 71*a - 73*a + 37 - 14. What is y(-15)?
8
Let g(h) = h**3 - 21*h**2 + 38*h + 2. Let q be g(19). Let d(a) = 4*a - 3 + 1 - 5*a - q*a + 4*a. Determine d(10).
8
Let y = 171 + -154. Let a(r) = r**3 - 14*r**2 - 51*r. Let z be a(y). Let l(w) = -w + 1. Determine l(z).
1
Let l(u) = -u**2 - 4*u + 1. Let m(h) = h**3 - 7*h**2 + 28*h - 134. Let j = 701 + -695. Let x be m(j). Calculate l(x).
5
Let p = -10 + -1. Let i be (2 - (2 + p)) + -2. Let s(n) be the first derivative of n**3/3 - 4*n**2 - 3*n + 206574. Calculate s(i).
6
Let a = 57024 + -57034. Let w(k) = 2*k + k + 24 - k. Determine w(a).
4
Let k(j) = -782 + 13*j + 17*j + 803 - 32*j. Suppose o = -4*m + 34, -2*o + 17 = m - 6*o. Give k(m).
3
Suppose -2*o = 5*f - 9, -18*f + 5 = 2*o - 17*f. Let a(k) = -o + 13*k + 14*k + 14*k + 0 - 40*k. Let z(y) = -y**3 + 5*y**2 + 7*y - 5. Let c be z(6). Give a(c).
-1
Let t be (4/(-3))/(2/51). Let a be t/4 + 1/2. Let w(m) = -163*m + 84. Let r(c) = -154*c + 79. Let k(l) = -18*r(l) + 17*w(l). Determine k(a).
-2
Let p(r) = 146*r - 2. Let c be ((-8 - -18) + -6 + -10)/(-6). Calculate p(c).
144
Let x(t) = -5*t - 2 - 5*t**2 + 7*t**2 + t**3 + 2*t**2. Let f be -5 + (9 - 5) - (4 + 0). Calculate x(f).
-2
Let r(q) = -720 - 2*q**2 + 741 - 25*q**3 + 8*q + 0*q**2 + 24*q**3. Calculate r(-3).
6
Let z(o) = 12*o - 45. Let j(d) = -25*d + 98. Let f(q) = 6*j(q) + 13*z(q). Let u be 4/2*1/(-1). Determine f(u).
-9
Let f(k) be the first derivative of k**4/4 - 3*k**3 - 11*k**2/2 + 2*k + 9. Suppose y - 4*h + 10 = 0, -3*y - 28*h = -24*h - 50. Calculate f(y).
-8
Suppose -3*i - 4*o - 44 = 0, -4*o - 28 = 4*i - 5*i. Let u(k) = -k**2 - 17*k - 29. Determine u(i).
23
Let d(k) be the third derivative of k**7/5040 + k**6/720 - 41*k**5/30 - 5*k**2. Let r(i) be the third derivative of d(i). Calculate r(-1).
0
Let i(u) = 5*u + 21. Suppose 39*w + 39*w - 480 = -90. Give i(w).
46
Let w(a) = -a - 2. Suppose -h + 5*r + 15 = 0, 19 + 8 = 5*h - r. Suppose -4*c + 17 = h*g - 4*g, 15 = 3*c. What is w(g)?
1
Let w(t) = -10*t + 33. Let m(u) = -41*u + 141. Let z(s) = 3*m(s) - 13*w(s). Determine z(0).
-6
Let g(y) = y**3 - 94. Suppose 5 = 39*q - 34*q - w, 0 = 4*q - 5*w - 25. Give g(q).
-94
Let d(m) = m - 14. Let o be d(16). Let w(g) = -5 + 12*g - 2*g**2 - 10*g + 3*g**o. Suppose 7*f - 7 + 49 = 0. Give w(f).
19
Let t(s) = 6*s**3 - s**2. Let z = -1224 - -1226. Give t(z).
44
Let f(g) be the first derivative of -7*g**4/24 - g**3/3 - 15*g**2 - 56. Let a(x) be the second derivative of f(x). Determine a(2).
-16
Let o(p) = -8047*p - 8054*p + 16115*p + 1 - 30 - 6*p**2 + 5. What is o(2)?
-20
Let z(n) = -2*n**2 + 2*n + 2. Suppose 14*u = -754 + 236. Let x = u + -44. Let b = -79 - x. Give z(b).
-2
Let p(r) = 2*r**3 - 3*r + 1. Let o be p(-2). Let i(f) = -3*f**2 + 11914*f - 11923*f + 4*f**2 - 2 - 2*f**2. What is i(o)?
-2
Suppose 4*l = 4*l - 2*l. Suppose 3*m = 2*m - c + 7, 3*c - 9 = l. Let o(g) = -g**2 + 12*g - 16*g + m + 7*g. Calculate o(-3).
-14
Let f = -18855 + 18854. Let t(o) = -21*o**3 + 2*o**2 - 3. Calculate t(f).
20
Suppose s - 7 = 2*o, 3 = 3*s - 5*o - 16. Let v(y) = 3 + s - 9 + 13 - 2*y. What is v(7)?
-4
Let n(s) = -4*s - 5. Let j(i) = 9*i + 5. Let k(b) = -2*j(b) - 3*n(b). Let c(t) = -2*t. Let m(q) = 2*c(q) - k(q). Give m(8).
11
Let c be (-25)/4 - 2/(-8). Let n(x) = x**2 + 9*x + 25. Let k be n(-3). Let j(b) = -2*b - 9. Let o(a) = -4*a - 18. Let m(g) = k*j(g) - 4*o(g). What is m(c)?
-3
Let l(x) be the first derivative of -12 - 1/3*x**3 + 6*x + 3*x**2. Determine l(8).
-10
Let x = 366 + -366. Suppose 5*f + 91 - 22 = -4*s, x = f - s + 12. Let d(a) = a + 15. What is d(f)?
2
Let f = 24424 + -24426. Let k(m) = m**3 + 5*m**2 + 8*m + 14. Determine k(f).
10
Suppose 304 + 149 = 3*b - 4*x, 2*b = x + 297. Suppose 4*j - b = -7. Let n(u) = -j + 35 + 2*u. Determine n(-1).
-2
Let l(f) = -3 + 2 - 5 + 1 + f. Let v = -640 + 640. Give l(v).
-5
Let w = 556 + -381. Let c = -167 + w. Let z(b) = -b**2 + 5*b + 3. Determine z(c).
-21
Let w be 2 - 7/(-9) - 90/(-405). Let q(j) = 194*j - 196*j - 19*j**3 + 4*j**2 + 20*j**w. What is q(-4)?
8
Let c(v) = 3*v + 14. Suppose 0 = 24*p - 38*p + 51*p + 185. Give c(p).
-1
Let f = 283 - 279. Let i = 5 - 3. Suppose 6 - i = -f*s. Let m(y) = 3*y**3 - y**2 + 1. Calculate m(s).
-3
Let w = 6 - 1. Let b(p) be the second derivative of 0 + 1/12*p**4 - 163*p - 5/6*p**3 + 5/2*p**2. What is b(w)?
5
Let z = -6 + 9. Let n(v) = 3*v + 4 + v**2 - v + 6*v - z*v. Let i be ((0 - -1) + 10/(-20))*-12. Calculate n(i).
10
Suppose 0 = -7*b + 44 - 23. Let m = 27 + -21. Suppose 0 = b*x - 3*r - 12, 0 = -m*r + 2*r + 8. Let i(q) = -q**3 + 5*q**2 + 7*q + 6. Give i(x).
12
Let y(d) = d**2 + 3*d + 1. Suppose -2*k = 0, s + 3*k - 20 = -3*s. Suppose 0 = 2*x - l + 5, 3*x - l - s + 13 = 0. Let t be (-2*2)/(0 - (x - -2)). What is y(t)?
5
Suppose 0 = -118*t + 144*t - 182. Let w(m) be the first derivative of 3*m**2/2 - 17*m - 2. What is w(t)?
4
Let f(w) = 2*w + 67. Let r(l) = 9*l + 350. Let o(v) = 11*f(v) - 2*r(v). Determine o(-9).
1
Let x(d) be the second derivative of -d**4/12 - 5*d**3/6 + 12*d**2 - 1350*d. What is x(3)?
0
Let s(k) be the second derivative of -2*k**3/3 + 33*k**2/2 + 393*k. Calculate s(8).
1
Let p(t) = 3*t + 3 - t**2 + 7*t - 7*t. Let m be p(0). Let b(g) = -528 + 525 - g + 2*g. Determine b(m).
0
Suppose -2*s - 4 = -4*s - 4*d, -5*d = 5. Suppose 0 = t + t - 4. Let c(y) = -7 - y**3 + 3*y + 2 - 2*y - s*y + 6*y**t. Calculate c(5).
5
Let x = -16076 + 16067. Let q(w) = -w**3 - 10*w**2 - 8*w + 3. Calculate q(x).
-6
Suppose 0 = 3*z - 11*z + 2248. Let q = 169 - z. Let g = q + 112. Let k(u) = u**2 - 6. What is k(g)?
-6
Let j = 352 - 782. Let c = 433 + j. Let g(w) = -2*w + 6. Calculate g(c).
0
Let y(m) = 2 + 0*m**3 + 321*m**2 - 328*m**2 - 16*m - m**3 + 10*m. Suppose 3*r + 20 = -2*o, 0 = r + 3*o - 7*o + 2. Give y(r).
2
Suppose 23 = -r - 242. Let q = -270 - r. Let t(k) = -k**2 - 5*k + 7. What is t(q)?
7
Let m(s) = -s**3 + 8*s**2 - 4*s - 7. Let y be (-3)/((-45)/(-6)) + (-4833)/(-895). Determine m(y).
48
Let h(z) = -2*z + 97. Let f(s) = s - 65. Let g(n) = 8*f(n) + 5*h(n). Let m(u) = u**3 - 21*u**2 + 40*u - 54. Let j be m(19). Determine g(j).
-3
Let a(b) = b - 5. Let u(t) = 6 - 14 - t + 0 + 2. Let v = -9 + -2. Let w be u(v). Determine a(w).
0
Let g(y) = -5*y + 10. Let d be 8 + -11 + -3 + 6 + 1 + -6. Calculate g(d).
35
Let n(o) be the third derivative of o**6/120 - o**5/10 - 7*o**4/24 - 5*o**3/3 - o**2. Suppose 7*p - 24*p = -408. Suppose 29*z = p*z + 35. Calculate n(z).
-10
Let x(o) = -o**2 - 6*o + 1. Suppose -3*r - 37 + 22 = 0. Let c be x(r). Let w(a) = a**2 - 9*a + 8. Determine w(c).
-10
Suppose 0 = -0*q + 4*q + 36. Let b(t) = -9 + 17 - 15402*t + 0 + 15404*t + 2. Determine b(q).
-8
Let f(v) be the first derivative of 19*v**2/2 - 85*v - 1759. What is f(4)?
-9
Let k(s) be the first derivative of 2*s**3/3 + 3*s**2 - 8*s + 2. Suppose 28 - 16 = -6*b. Let u(o) = o**2 + 7*o - 7. Let v(m) = b*k(m) + 3*u(m). Calculate v(9).
-5
Suppose 71 + 127 =